0. Suppose 5*s - 330 = -3*r, 5*r = -2*s + 52 + x. What is the tens digit of s?
6
Let n be 6/(-2) - 6/2. Let s(q) = -2*q**3 - 9*q**2 - 4*q + 1. What is the tens digit of s(n)?
3
Suppose -3*r + 3920 = r. Suppose 10*d - r = 6*d. What is the units digit of d?
5
Let j be -4 - -7*(2 - 1). Suppose 0 = -p - j*b - 17, -4*b = 3*p - 2*b + 16. What is the tens digit of (116/3)/p*-3?
5
Let y(i) = -i**3 + 4*i**2 + 4*i + 3. Let b be y(5). What is the tens digit of 4 + (-104)/b + 1?
5
Suppose 4*f - 5*j - 156 - 643 = 0, f = -4*j + 184. Suppose -f = -6*o + 80. What is the tens digit of o?
4
Let z = -677 - -741. Let w(b) = -b**2 + 5*b - 2. Let a be w(3). Suppose -6*p + z = a. What is the units digit of p?
0
Let o(n) = -8*n + 0*n**2 + 3*n**2 + 3 - 6*n**2 + 2*n**2. Let r be o(-8). Suppose 3*w + s - r*s - 75 = 0, w + 5*s - 25 = 0. What is the tens digit of w?
2
Let b(j) = 12*j**3 + j**2 - j. Let y be b(-2). What is the tens digit of 290/(-4)*y/75?
8
What is the units digit of (-3735)/(-18)*(-16)/(-10)?
2
Let m = 106 + -126. Suppose -3*q - 30 = -0*q. What is the tens digit of 4/q + (-208)/m?
1
Suppose 5*k - 15 = 5*j, 4*j + 3*k - 4*k = -21. What is the tens digit of 600/9 + (-2)/j?
6
Let s(a) = -4*a + 2*a - 4*a**2 + 4*a - 3*a. Let y be s(-4). What is the units digit of 2/(-3)*y/8?
5
Suppose 7*r = 3*r + 36. Let b be (12/r)/(4/6). Suppose b*a - a = 19. What is the tens digit of a?
1
Let n(q) = -q**3 - 23*q**2 - 60*q + 112. What is the hundreds digit of n(-21)?
4
Let w = 82 - 66. Let h = -8 + w. What is the units digit of h?
8
Let g be -7*((-4)/(-1) - 6). Let c = -7 + g. Suppose -3*w - 164 = -c*w. What is the tens digit of w?
4
Let g be 4 - (0 + -95 + 3). Let x = -45 + g. Suppose -c = -0*c + 5*b - x, 3*c + 3*b - 93 = 0. What is the tens digit of c?
2
Suppose -2*o - 4963 = -4*v + 2007, -1745 = -v - 2*o. What is the hundreds digit of v?
7
Suppose -8*r = -5*r - 3162. What is the tens digit of r?
5
Suppose -5*k - 5*f = 0, -k + 3*f - 5*f = 0. Suppose 3*u - 210 + 48 = k. Suppose i - u = -15. What is the units digit of i?
9
Let n = -891 - -1251. What is the units digit of n?
0
Let d = -1144 + 2127. What is the units digit of d?
3
Let t = -1 + 1. Let z(x) = 33*x + 0*x**2 - 34*x + 51 + 0*x**3 + 2*x**2 - x**3 - x**2. What is the tens digit of z(t)?
5
Suppose -30*u = -18648 - 8172. What is the tens digit of u?
9
Let x(a) be the first derivative of 2*a**3/3 - 9*a**2/2 + 4*a - 6. Let c be x(6). Let l = 32 - c. What is the units digit of l?
0
Suppose -5*k + 15 = 5*q, -4*q + 24 = 2*k - k. What is the units digit of ((q/2)/(-7))/((-2)/268)?
7
Let y(t) be the first derivative of 5*t**3/3 + 5*t**2/2 - 2*t - 4. Let m(h) be the first derivative of y(h). What is the units digit of m(3)?
5
Let b(f) = f**2 - 3*f + 4. Let r be b(2). Suppose r*w = 11*w - 207. What is the units digit of w?
3
What is the tens digit of 6/(72/156)*187?
3
Suppose 4*v = 3*m - 1947, -2*m + 3*v + 2041 - 742 = 0. What is the tens digit of m?
4
Let b(j) = -j**3 - 2*j**2 + j - 3. Let v be b(-3). Let u(g) = -28*g**2 + 11*g**2 + 2*g**3 + 1 + 4*g + 12*g**2. What is the units digit of u(v)?
2
Suppose 2750 = n + z - 6*z, -3*n + 2*z = -8198. What is the tens digit of n?
3
Suppose -22 + 101 = c. Let h = -48 + c. Suppose v - h = -2. What is the tens digit of v?
2
Suppose 0*a - 3*a = 24. Let n be 2/(-3)*(-36)/a. What is the units digit of -18*n*4/9?
4
Let n(p) = -18*p**2 - 1 + 11*p - p**3 - 9 + 36*p**2. What is the units digit of n(18)?
8
Let h = 594 + -292. What is the tens digit of h?
0
What is the hundreds digit of ((-117)/(-78))/(2/2532)?
8
Suppose 0 = -2*j + 13 - 3. Suppose 0 = -3*o - j*u + 420, -2*o + 2*u + 230 = -66. What is the hundreds digit of o?
1
Let k(l) = -4*l - 1. Let j be 0*(2 + -1)*1. Suppose j = -4*y - 5*i - 39, 5*y + 4*i = -63 + 21. What is the tens digit of k(y)?
2
Let i = 175 - 14. Let j be (1 - 1) + i + 4. Suppose -y = -g + 5*g - 44, 4*y + 5*g - j = 0. What is the tens digit of y?
4
Suppose 0 = 4*f + 2*s - 5786, 12*f = 17*f - s - 7222. What is the units digit of f?
5
Suppose 3*r = 5*b + 3, 11 = r - 0*r - 5*b. Let g be (-1)/(r/(-6))*-2. Suppose 48 = 2*a - 2*f, -g = 2*f + 1. What is the tens digit of a?
2
Suppose -5*q - 202 = -3*c, 3*q - 3*c = -2*c - 122. Suppose 44*a - 50*a - 168 = 0. Let b = a - q. What is the tens digit of b?
1
Suppose 3*b - b + 12 = -x, 2*x + b = -9. Let n be ((-3)/x)/(2/4). Suppose 2*r + 0*r + 188 = 4*y, 0 = 4*y + n*r - 198. What is the units digit of y?
8
What is the tens digit of 2/(-2) - -3 - 3133782/(-786)?
8
Suppose 3024*t - 10236 = 3018*t. What is the units digit of t?
6
Suppose 0 = 2*r + 5*h + 150 - 633, 5*h = 3*r - 712. Suppose 1202 = 11*u - r. What is the hundreds digit of u?
1
Let w be 6/33 + ((-621)/(-33))/1. Suppose w - 118 = -l. What is the tens digit of l?
9
Suppose -q + 4*q + 14 = 4*m, -4*q - 25 = m. Let w(p) = 17*p + 15. Let b(y) = -16*y - 15. Let v(l) = 4*b(l) + 3*w(l). What is the units digit of v(q)?
3
Suppose 5*l = h - 211, 0 = -2*h - h - 2*l + 701. Suppose -8*x + h = -5*x. What is the units digit of x?
7
Suppose 2*y + 12 = 2*i, i + 3*i = 3*y + 25. Suppose 4 = -11*r + i*r. What is the tens digit of (r - -4)*5/1?
1
Suppose 4*i = 7*i - 13308. What is the tens digit of 2*2/22 + i/44?
0
Let b(d) be the second derivative of d**5/10 + d**3/6 + d**2 + 5*d. Let l = 2 + 0. What is the tens digit of b(l)?
2
Suppose -5*i + f + 2540 = -2614, 5166 = 5*i - 4*f. What is the tens digit of i?
3
Let i = 3 + 1. Let s be (-1 + 2)/(3/6). Let t = s + i. What is the units digit of t?
6
What is the hundreds digit of (1203/802)/(1 - (-3809)/(-3812))?
9
Let c be 74/(-26) - -3 - 3352/(-13). Suppose 0 = -2*z - 20 + c. What is the tens digit of z?
1
Let t(a) = 3*a + 4*a**2 + a**3 + 0*a**3 - 11 - 3*a**2 - 3*a**2. What is the tens digit of t(5)?
7
Let s(b) = b**3 + 3*b**2 - 4*b. Let d be s(-4). Suppose d = -r + 3 - 2. Suppose -t + 6 = r. What is the units digit of t?
5
Let y(p) = -56*p + 89. What is the tens digit of y(-6)?
2
Let i(n) = -2*n - 10. Let k be i(-8). Suppose 3*h + 0*h + 5*o - 40 = 0, 0 = -4*h + 4*o. What is the tens digit of 20/k*24/h?
1
Let y = -134 + 62. Let x = y - -142. What is the units digit of x?
0
Let f = 730 - 502. What is the units digit of f?
8
Let b be ((-8)/(-3))/(55/(-30) + 2). Suppose -b*y = -7*y - 513. What is the tens digit of y?
5
Suppose 3*m = -9, -30 = -4*t + 4*m - 10. Let x(v) = 2*v**3 - v**2 + 3. What is the units digit of x(t)?
5
Suppose 115 = -3*g - 23. Let h = -10 - 57. Let d = g - h. What is the units digit of d?
1
Suppose -82 + 70 = 3*s, s = t - 836. What is the units digit of t?
2
Let d be 4/(5 - 3) - 2. Suppose 0 = 2*y + 3*i + 2*i - 37, d = y + 4*i - 11. What is the units digit of y?
1
What is the units digit of 0 - 7624/(-14) - (-8)/(-14)?
4
Suppose -d + 3*v = -3, -2*d + 0*d = -5*v - 6. Suppose 2*l + 3*r + 2*r - 218 = 0, l + d*r = 107. What is the hundreds digit of l?
1
Suppose 0 = w - 2*l - 142, 0*w + 2*l + 280 = 2*w. What is the hundreds digit of w?
1
Suppose 4*m - 5*u = 10, -19 = -3*m - 4*u + 2*u. Suppose -5*v - 4*f + 714 = 0, -m*v + 5*f + 750 = -0*f. What is the hundreds digit of v?
1
Suppose -6*u + 413 + 439 = 0. What is the tens digit of u?
4
What is the hundreds digit of (-9)/((-324)/102524) - 2/(-18)?
8
Let g be -12*((-6)/9)/(2/6). Let q = -15 + 21. Suppose q*h - g = 2*h. What is the units digit of h?
6
Suppose -5*n + n - 76 = 0. Suppose d + 2*x = 6, -9*x - 9 = -3*d - 12*x. What is the units digit of 2 - (d - 2) - n?
3
Suppose 0 = -5*y + y + 8. Suppose -4*q - 6 = -y*q. Let c = q + 8. What is the units digit of c?
5
Let g(y) = 4*y**2 - 6*y. What is the units digit of g(7)?
4
Let d(o) = 7*o**2 - 35*o + 2. Let m be d(17). Suppose 0 = 8*z - m + 102. What is the units digit of z?
6
Let h be (-6)/9 - 1578/(-18). Suppose o + c = h, 2*c - 6*c - 168 = -2*o. What is the tens digit of o?
8
Let y = -139 + 142. Suppose -3*o = y*s, 5*o = -s - 5 - 11. What is the units digit of s?
4
Let r be 0 + (2 + 5 - 0). Suppose 5*x + 2*f + 14 + 23 = 0, 4*f = -x + r. Let h = x + 44. What is the units digit of h?
5
Let a(y) = 138*y + 4. What is the units digit of a(1)?
2
Suppose -2*g + 22 = n - 6*g, 4*n - 31 = -3*g. Suppose -3*z - z + 3*d - 12 = 0, -5*z = -5*d + n. What is the tens digit of (2/z)/((-1)/75)?
2
Let i(c) = -c**3 + 2*c**2 + c + 1. Let h be i(2). Suppose -h*b + 